{"id":294,"date":"2023-09-08T09:35:00","date_gmt":"2023-09-08T09:35:00","guid":{"rendered":"https:\/\/brains.dnac.org\/?page_id=294"},"modified":"2023-10-11T20:01:04","modified_gmt":"2023-10-11T20:01:04","slug":"program","status":"publish","type":"page","link":"https:\/\/brains.dnac.org\/2023\/program\/","title":{"rendered":"Program"},"content":{"rendered":"\n<h3 class=\"wp-block-heading\"><strong><mark style=\"background-color:rgba(0, 0, 0, 0)\" class=\"has-inline-color has-vivid-cyan-blue-color\">BRAINS 2023 Program<\/mark><\/strong><\/h3>\n\n\n\n<p><\/p>\n\n\n\n<p class=\"has-text-align-center\"><strong><a href=\"https:\/\/brains.dnac.org\/wp-content\/uploads\/2023\/10\/BRAINS2023_program-3.pdf\">Download BRAINS program PDF<\/a><\/strong><\/p>\n\n\n\n<p class=\"has-text-align-center\"><em>The current program is provisional and may be subject to changes<\/em><\/p>\n\n\n\n<p><\/p>\n\n\n<div class=\"wp-block-image\">\n<figure class=\"aligncenter size-full\"><img decoding=\"async\" loading=\"lazy\" width=\"739\" height=\"722\" src=\"https:\/\/brains.dnac.org\/wp-content\/uploads\/2023\/10\/BRAINS_2023_program-2.jpg\" alt=\"\" class=\"wp-image-528\" srcset=\"https:\/\/brains.dnac.org\/2023\/wp-content\/uploads\/2023\/10\/BRAINS_2023_program-2.jpg 739w, https:\/\/brains.dnac.org\/2023\/wp-content\/uploads\/2023\/10\/BRAINS_2023_program-2-300x293.jpg 300w\" sizes=\"(max-width: 739px) 100vw, 739px\" \/><\/figure><\/div>\n\n\n<p><\/p>\n\n\n\n<h2 class=\"wp-block-heading\"><strong><mark style=\"background-color:rgba(0, 0, 0, 0)\" class=\"has-inline-color has-luminous-vivid-orange-color\">Wednesday, October 11, 2023<\/mark><\/strong><\/h2>\n\n\n\n<p><strong>09:30 \u2013 10:00 Registration and Welcome Coffee<\/strong><\/p>\n\n\n\n<p><strong>10:00 \u2013 10:15 Opening Ceremony <\/strong><\/p>\n\n\n\n<p><strong>10:15 \u2013 11:00<\/strong> <strong><mark style=\"background-color:rgba(0, 0, 0, 0)\" class=\"has-inline-color has-vivid-cyan-blue-color\">Keynote #1: <strong>Blockchain Consensus Protocols, from Bitcoin to Ethereum 2.0<\/strong><\/mark><\/strong><br>Speaker:<strong> <mark style=\"background-color:rgba(0, 0, 0, 0)\" class=\"has-inline-color has-black-color\">Sara Tucci-Piergiovanni (CEA List, Paris-Saclay University, France)<\/mark><\/strong><br><\/p>\n\n\n\n<p><strong>11:00- 12:30 <\/strong><mark style=\"background-color:rgba(0, 0, 0, 0)\" class=\"has-inline-color has-vivid-cyan-blue-color\"><strong>Technical Session #1:<\/strong> <strong>Fundamentals I<\/strong><\/mark><\/p>\n\n\n\n<ul>\n<li><strong>Fair Reward Distribution in Federated Byzantine Agreement Systems<\/strong><br><em>Charmaine Ndolo (Humboldt-Universit\u00e4t zu Berlin, Germany); Martin Florian (Humboldt-Universit\u00e4t zu Berlin &amp; Weizenbaum Institute for the Networked Society, Germany); Florian Tschorsch (Technische Universit\u00e4t Berlin, Germany)<\/em><\/li>\n\n\n\n<li><strong>Exploring Locality in Ethereum Transactions<\/strong><em><br><\/em><em>Matthieu Pigaglio (UCLouvain, Belgium); Michal Krol (City, University of London, United Kingdom (Great Britain)); Etienne Riviere (UCLouvain, Belgium)<\/em><\/li>\n\n\n\n<li><strong>Fairness Notions in DAG-based DLTs<\/strong><em><br><\/em><em>Mayank Raikwar (University of Oslo, Norway); Nikita Polyanskii (IOTA Foundation, Germany); Sebastian M\u00fcller (Aix Marseille University, France)<br><br><\/em><\/li>\n<\/ul>\n\n\n\n<p><strong>12:30 \u2013 14:00 Lunch Break<\/strong><br><\/p>\n\n\n\n<p><strong>14:00 \u2013 15:30 <\/strong><mark style=\"background-color:rgba(0, 0, 0, 0)\" class=\"has-inline-color has-vivid-cyan-blue-color\"><strong>Technical Session #2:<\/strong> <strong>Fundamentals II<\/strong><\/mark><\/p>\n\n\n\n<ul>\n<li><strong>&nbsp;Computing the Heaviest Conflict-free SUB-DAG in DAG-based DLTs<\/strong><br><em>Quentin Bramas (University of Strasbourg, France)<\/em><\/li>\n\n\n\n<li><strong>Eiffel: Extending Formal Verification of Distributed Algorithms to Utility Analysis<\/strong><em><br><\/em><em>Arian Baloochestani Asl and Leander Jehl (University of Stavanger, Norway)<\/em><\/li>\n\n\n\n<li><strong>Proven Transaction Flow Control for zk-Rollups<\/strong><em><br><\/em><em>Sergio Mart\u00ednez (ISAE-SUPAERO, France); Thomas Lavaur (ISAE-SUPAERO &amp; Universit\u00e9 Toulouse III Paul Sabatier, France); Jerome Lacan (ISAE-Supaero and University of Toulouse, France); Caroline Ponzoni Carvalho Chanel (ISAE-SUPAERO, Universit\u00e9 de Toulouse, France)<\/em><\/li>\n\n\n\n<li><strong>Mining in Logarithmic Space with Variable Difficulty<\/strong><br><em>Benjamin Loison (Ecole Normale Sup\u00e9rieure Paris-Saclay, France)<\/em><strong><br><br><\/strong><\/li>\n<\/ul>\n\n\n\n<p><strong>15:30 \u2013 16:00 Coffee Break &amp; <mark style=\"background-color:rgba(0, 0, 0, 0)\" class=\"has-inline-color has-luminous-vivid-orange-color\">Demo\/Poster<\/mark><\/strong><\/p>\n\n\n\n<ul>\n<li><strong>Scaling a Blockchain System from Eventual to Full Atomicity using Confederation approach<\/strong><br><em>Fahad Rahman&nbsp;(University Paris Cit\u00e9, France);&nbsp;Chafiq Titouna&nbsp;(Universit\u00e9 of Gustave Eiffel, France);&nbsp;Farid Nait-Abdesselam&nbsp;(University of Missouri Kansas City, USA)<\/em><\/li>\n\n\n\n<li><strong>Integrating a DLT-Based Data Marketplace with IDSA for a Unified Energy Dataspace: Towards Silo-Free Energy Data Exchange within GAIA-X<\/strong><br><em>Silvio Meneguzzo&nbsp;(University of Turin &amp; University of Camerino, Links Foundation, Italy);&nbsp;Alfredo Favenza&nbsp;(Links Foundation, Italy);&nbsp;Valentina Gatteschi&nbsp;(Politecnico di Torino, Italy);&nbsp;Claudio Schifanella&nbsp;(Universit\u00e0 di Torino, Italy)<\/em><\/li>\n\n\n\n<li><strong>Prioritised Sharding: A Novel Approach to Enhance Blockchain Scalability<\/strong><br><em>Fahad Rahman&nbsp;(University Paris Cit\u00e9, France);&nbsp;Chafiq Titouna&nbsp;(Universit\u00e9 of Gustave Eiffel, France);&nbsp;Farid Nait-Abdesselam&nbsp;(University of Missouri Kansas City, USA)<\/em><\/li>\n\n\n\n<li><strong>Demonstrating Trusted Blockchain IoT Device Based On TLS-PSK Secure Element<\/strong><br><em>Pascal Urien&nbsp;(Telecom Paris, France)<\/em><\/li>\n\n\n\n<li><strong>Conceptualizing Non-Fungible Tokens (NFTs) as a Means for Blockchain Network Integration in Healthcare<\/strong><br><em>Ghassan Al-Sumaidaee&nbsp;(McGill University, Canada);&nbsp;Rami Alkhudary&nbsp;(Paris II Panth\u00e9on-Assas University, Canada);&nbsp;Zeljko Zilic(McGill University, Canada)<\/em><br><\/li>\n<\/ul>\n\n\n\n<p><strong>16:00 \u2013 17:20 <\/strong><mark style=\"background-color:rgba(0, 0, 0, 0)\" class=\"has-inline-color has-vivid-cyan-blue-color\"><strong>Technical Session #3:<\/strong> <strong>Security, Privacy, Attacks<\/strong><\/mark><\/p>\n\n\n\n<ul>\n<li><strong>Moving Towards Open Radio Access Networks with Blockchain Technologies<\/strong><strong><br><\/strong><em>Nischal Aryal (Orange Innovation, Institut Polytechnique de Paris, IMT, Telecom SudParis, France); Fariba Ghaffari (Institut Polytechnique de Paris, IRT B-COM, France); Emmanuel Bertin (Orange Labs, France); Noel Crespi (Institut Mines-T\u00e9l\u00e9com, T\u00e9l\u00e9com SudParis, France)<\/em><strong><\/strong><\/li>\n\n\n\n<li><strong>Static Application Security Testing of Consensus-Critical Code in the Cosmos Network<br><\/strong><em>Jasper Surmont (KU Leuven, Belgium); Weihong Wang (KU Leuven, Belgium); Tom Van Cutsem (KU Leuven &amp; Nokia Bell Labs, Belgium)<\/em><\/li>\n\n\n\n<li><strong>Cost-Efficient Anonymous Authentication Scheme based on Set-Membership Zero-Knowledge Proof<br><\/strong><em>Christopher Wiraatmaja and Shoji Kasahara (Nara Institute of Science and Technology, Japan)<\/em><\/li>\n\n\n\n<li><strong>Enhancing Multi-label Vulnerability Detection of Smart Contract using Language Model<\/strong><br><em>Sami Souihi (University of Paris-Est Cr\u00e9teil, France)<\/em><\/li>\n<\/ul>\n\n\n\n<p><strong>17:20 \u2013 18:30 Panel<\/strong><br><strong>Title:  <em>Blockchain for Telecoms \u2013 Just a Hype or real Opportunity?<\/em><\/strong><br>Moderator: <strong>Axel K\u00fcpper <\/strong>(TU Berlin, Germany)<\/p>\n\n\n\n<p><strong>18:30 \u2013 19:45 Welcome reception<\/strong><\/p>\n\n\n\n<hr class=\"wp-block-separator has-alpha-channel-opacity\"\/>\n\n\n\n<h2 class=\"wp-block-heading\"><strong><mark style=\"background-color:rgba(0, 0, 0, 0)\" class=\"has-inline-color has-luminous-vivid-orange-color\">Thursday, October 12<sup> <\/sup>, 2023<\/mark><\/strong><\/h2>\n\n\n\n<p><strong>9:00 \u2013 09:30 Coffee<\/strong><\/p>\n\n\n\n<p><strong>9:30 \u2013 10:30 <\/strong><mark style=\"background-color:rgba(0, 0, 0, 0)\" class=\"has-inline-color has-vivid-cyan-blue-color\"><strong>Keynote&nbsp;#2: Creating Business Value with a Decentralized Approach<br><\/strong><\/mark><mark style=\"background-color:rgba(0, 0, 0, 0)\" class=\"has-inline-color has-black-color\">Speaker:<strong> Andreas Sommerwerk (Deutsche Telekom, Germany)<\/strong><\/mark><\/p>\n\n\n\n<p><strong>10:30 \u2013 11:00 Coffee Break<\/strong><\/p>\n\n\n\n<p><\/p>\n\n\n\n<p><strong>11:00 \u2013 12:30 <mark style=\"background-color:rgba(0, 0, 0, 0)\" class=\"has-inline-color has-vivid-cyan-blue-color\">Technical Session #4: Smart Contracts I<\/mark><\/strong><\/p>\n\n\n\n<ul>\n<li><strong>A Transpilation-based Approach to Writing Secure Access Control Smart Contracts<br><\/strong><em>Badr Bellaj (INPT- Rabat\\ RAISS Laboratory &amp; Mchain, Morocco); Aafaf Ouaddah (INPT, Morocco); Noel Crespi (Institut Mines-T\u00e9l\u00e9com, T\u00e9l\u00e9com SudParis, France); Abdellatif Mezrioui (National Institute of Posts and Telecommunications, Morocco); Emmanuel Bertin (Orange Labs, France)<\/em><\/li>\n\n\n\n<li><strong>Gas Optimization Patterns in Move Smart Contracts on the Aptos Blockchain<\/strong><br><em>Eric Keilty and Keerthi Nelaturu (University of Toronto, Canada); Anastasia Kastania (Athens University of Economics and Business, Greece); Andreas Veneris (University of Toronto, Canada)<\/em><\/li>\n\n\n\n<li><strong>Decentralized Ethereum-Based Solution for Mitigating Oracle Single Point of Failure<br><\/strong><em>Julien Hatin&nbsp;and&nbsp;Valentin Andre&nbsp;(Orange Innovation, France)<\/em><\/li>\n\n\n\n<li><strong>Trusting a Smart Contract Means Trusting Its Owners: Understanding Centralization Risk<br><\/strong><em>Metin Lamby,&nbsp;Valentin Zieglmeier&nbsp;and&nbsp;Christian Ziegler&nbsp;(Technical University of Munich, Germany)<\/em><\/li>\n<\/ul>\n\n\n\n<p><strong><br>12:30 \u2013 14: 00 Lunch break<\/strong><\/p>\n\n\n\n<p><\/p>\n\n\n\n<p><strong>14&nbsp;:00 \u2013 15&nbsp;:30 <\/strong><mark style=\"background-color:rgba(0, 0, 0, 0)\" class=\"has-inline-color has-vivid-cyan-blue-color\"><strong>Technical Session #5:<\/strong> <strong>Smart Contracts II<\/strong><\/mark><\/p>\n\n\n\n<ul>\n<li><strong>SmartExecutor: Coverage-Driven Symbolic Execution Guided by a Function Dependency Graph<\/strong><br><em>Qiping Wei, Fadul Sikder, Huadong Feng and Yu Lei (University of Texas at Arlington, USA); Raghu Kacker (NIST, USA); Joran Honig (ConsenSys Diligence, Germany); Richard Kuhn (National Institute of Standards and Technology, USA)<\/em><\/li>\n\n\n\n<li><strong>CUSC: Composable User-Centric Smart Contracts<\/strong><br><em>Markus Knecht (University of Z\u00fcrich &amp; University of Applied Sciences Northwestern Switzerland, Switzerland); Burkhard Stiller (University of Z\u00fcrich, Switzerland)<\/em><\/li>\n\n\n\n<li><strong>Who is Smarter? An Empricial Study of AI-based Smart Contract Creation<\/strong><br><em>Rabimba Karanjai (University of Houston, USA); Edward Li (USA); Lei Xu (Kent State University, USA); Weidong (Larry) Shi (University of Houston, USA)<\/em><\/li>\n\n\n\n<li><strong>Deferral: On the Feasability of High-volume Blockchain-based Referral Systems<br><\/strong><em>Bruno Rodrigues, Tobias Boner and Thomas Bocek (University of Zurich, Switzerland); Burkhard Stiller (University of Z\u00fcrich, Switzerland)<\/em><br><br><\/li>\n<\/ul>\n\n\n\n<p><strong>15:30 \u2013 16:00 Coffee Break &amp; <mark style=\"background-color:rgba(0, 0, 0, 0)\" class=\"has-inline-color has-luminous-vivid-orange-color\">Demo\/Poster <\/mark><\/strong><\/p>\n\n\n\n<ul>\n<li><strong>Scaling a Blockchain System from Eventual to Full Atomicity using Confederation approach<\/strong><br><em>Fahad Rahman&nbsp;(University Paris Cit\u00e9, France);&nbsp;Chafiq Titouna&nbsp;(Universit\u00e9 of Gustave Eiffel, France);&nbsp;Farid Nait-Abdesselam&nbsp;(University of Missouri Kansas City, USA)<\/em><\/li>\n\n\n\n<li><strong>Integrating a DLT-Based Data Marketplace with IDSA for a Unified Energy Dataspace: Towards Silo-Free Energy Data Exchange within GAIA-X<\/strong><br><em>Silvio Meneguzzo&nbsp;(University of Turin &amp; University of Camerino, Links Foundation, Italy);&nbsp;Alfredo Favenza&nbsp;(Links Foundation, Italy);&nbsp;Valentina Gatteschi&nbsp;(Politecnico di Torino, Italy);&nbsp;Claudio Schifanella&nbsp;(Universit\u00e0 di Torino, Italy)<\/em><\/li>\n\n\n\n<li><strong>Prioritised Sharding: A Novel Approach to Enhance Blockchain Scalability<\/strong><br><em>Fahad Rahman&nbsp;(University Paris Cit\u00e9, France);&nbsp;Chafiq Titouna&nbsp;(Universit\u00e9 of Gustave Eiffel, France);&nbsp;Farid Nait-Abdesselam&nbsp;(University of Missouri Kansas City, USA)<\/em><\/li>\n\n\n\n<li><strong>Demonstrating Trusted Blockchain IoT Device Based On TLS-PSK Secure Element<\/strong><br><em>Pascal Urien&nbsp;(Telecom Paris, France)<\/em><\/li>\n\n\n\n<li><strong>Conceptualizing Non-Fungible Tokens (NFTs) as a Means for Blockchain Network Integration in Healthcare<\/strong><br><em>Ghassan Al-Sumaidaee&nbsp;(McGill University, Canada);&nbsp;Rami Alkhudary&nbsp;(Paris II Panth\u00e9on-Assas University, Canada);&nbsp;Zeljko Zilic(McGill University, Canada)<\/em><br><br><\/li>\n<\/ul>\n\n\n\n<p><strong>16h00 \u2013 18h00<mark style=\"background-color:rgba(0, 0, 0, 0)\" class=\"has-inline-color has-luminous-vivid-orange-color\"> <\/mark><mark style=\"background-color:rgba(0, 0, 0, 0)\" class=\"has-inline-color has-vivid-cyan-blue-color\">Technical Session #6: DeFi &amp; Cryptocurrencies<\/mark><\/strong><\/p>\n\n\n\n<ul>\n<li><strong>Demystifying Just-in-Time (JIT) Liquidity Attacks on Uniswap V3<br><\/strong><em>Xihan Xiong and Zhipeng Wang (Imperial College London, United Kingdom (Great Britain)); William Knottenbelt (Imperial College, United Kingdom (Great Britain)); Michael Huth (Imperial Colleague of London, United Kingdom (Great Britain))<\/em><\/li>\n\n\n\n<li><strong>Deep Learning-based Cryptocurrency Price Prediction: A Comparative Analysis<br><\/strong><em>Armin Mazinani, Luca Davoli and Gianluigi Ferrari (University of Parma, Italy)<\/em><\/li>\n\n\n\n<li><strong>Generic and Universal Local Cryptocurrency: LCoin<\/strong><br><em>Frederic A Hayek (Universit\u00e9 Clermont Auvergne &amp; LIMOS, France); Pascal Lafourcade (LIMOS, Clermont University, France); Ariane Tichit (Universit\u00e9 Clermont Auvergne, France)<\/em><\/li>\n\n\n\n<li><strong>We Are Launching our own NFT! Characterizing Fashion NFT Transactions &#8211; Preliminary Results<\/strong><br><em>Sarah Bouraga (University of Namur, Belgium)<\/em><\/li>\n\n\n\n<li><strong>Blockchain-Enabled Car Sharing Platform: Enhancing Reliability and Vehicle History Management<\/strong><br><em>Chen Ben Tolila, Yarden Hovav and Hadassa Daltrophe (Shamoon College of Engineering, Israel); Kiril Danilchenko (University of Waterloo, Israel)<\/em><\/li>\n<\/ul>\n\n\n\n<p><strong>19:30 &#8211; 22:00 Conference Dinner<\/strong><\/p>\n\n\n\n<hr class=\"wp-block-separator has-alpha-channel-opacity\"\/>\n\n\n\n<h2 class=\"wp-block-heading\"><strong><mark style=\"background-color:rgba(0, 0, 0, 0)\" class=\"has-inline-color has-luminous-vivid-orange-color\">Friday, October 13, 2023<\/mark><\/strong><\/h2>\n\n\n\n<p><strong>9:00 \u2013 09:30 Coffee<\/strong><\/p>\n\n\n\n<p><strong>9:30 \u2013 10:30 <mark style=\"background-color:rgba(0, 0, 0, 0)\" class=\"has-inline-color has-vivid-cyan-blue-color\">Keynote&nbsp;#3: In education, from vision to pan European public and innovative transformation<\/mark><br><\/strong>Speaker:<strong> <mark style=\"background-color:rgba(0, 0, 0, 0)\" class=\"has-inline-color has-black-color\">Perrine de Co\u00ebtlogon (University of Lille<\/mark>, France)<\/strong><\/p>\n\n\n\n<p><strong>10:30 \u2013 11:00 Coffee Break <\/strong><\/p>\n\n\n\n<p><\/p>\n\n\n\n<p><strong>11:00 \u2013 12 :15 <\/strong><mark style=\"background-color:rgba(0, 0, 0, 0)\" class=\"has-inline-color has-vivid-cyan-blue-color\"><strong>Technical Session #7:<\/strong> <strong>Application Domains &amp; Use Cases<\/strong><\/mark><\/p>\n\n\n\n<ul>\n<li><strong>Decentralized Wireless (DeWi): which perspectives for Blockchain-based mobile networks?<br><\/strong><em>Meroua Moussaoui (Orange Labs, Institut Polytechnique de Paris, IMT, Telecom SudParis, France); Emmanuel Bertin (Orange Labs, France); Noel Crespi (Institut Mines-T\u00e9l\u00e9com, T\u00e9l\u00e9com SudParis, France)<\/em><\/li>\n\n\n\n<li><strong>Blockchain-based, Privacy-preserving, First Price Sealed Bid Auction (FPSBA) Verifiable by Participants<\/strong><br><em>Ehsan Ghasaei and Amirali Baniasadi (University of Victoria, Canada)<\/em><\/li>\n\n\n\n<li><strong>On the Blockchain Selection in Agri-Food Tracking Systems<\/strong><br><em>Fabio Scanu (Sapienza &#8211; University of Rome, Italy)<\/em><\/li>\n\n\n\n<li><strong>Moving to IPv6-Only and Sunsetting IPv4-NAT: Empowering end to end Network Apps such as Blockchain<br><\/strong><em>Latif Ladid (University of Luxembourg \/ IPv6 Forum, Luxembourg)<\/em><\/li>\n\n\n\n<li><strong>Blockchain Integration in 5G Technologies: SDN and Network Slicing<\/strong><br><em>Quang Huy Do&nbsp;and&nbsp;Van Tong(Hanoi University of Science and Technology, Vietnam);&nbsp;Sami Souihi&nbsp;(University Paris Est UPEC, France);&nbsp;Sara Tucci-Piergiovanni(CEA LIST, University of Paris-Saclay, France)<\/em><\/li>\n<\/ul>\n\n\n\n<p><strong>12&nbsp;:15 \u2013 12&nbsp;:45 Closing Conference<\/strong><\/p>\n\n\n\n<p><strong>12&nbsp;:45 \u2013 14&nbsp;:00 Lunch<\/strong><\/p>\n","protected":false},"excerpt":{"rendered":"<p>BRAINS 2023 Program Download BRAINS program &hellip; <a href=\"https:\/\/brains.dnac.org\/2023\/program\/\">Continue reading <span class=\"meta-nav\">&rarr;<\/span><\/a><\/p>\n","protected":false},"author":1,"featured_media":0,"parent":0,"menu_order":0,"comment_status":"closed","ping_status":"closed","template":"","meta":[],"yoast_head":"<!-- This site is optimized with the Yoast SEO plugin v20.0 - https:\/\/yoast.com\/wordpress\/plugins\/seo\/ -->\n<title>Program - 5th Conference on Blockchain Research &amp; Applications for Innovative Networks and Services<\/title>\n<meta name=\"robots\" content=\"index, follow, max-snippet:-1, max-image-preview:large, max-video-preview:-1\" \/>\n<link rel=\"canonical\" href=\"https:\/\/brains.dnac.org\/2023\/program\/\" \/>\n<meta property=\"og:locale\" content=\"en_US\" \/>\n<meta property=\"og:type\" content=\"article\" \/>\n<meta property=\"og:title\" content=\"Program - 5th Conference on Blockchain Research &amp; Applications for Innovative Networks and Services\" \/>\n<meta property=\"og:description\" content=\"BRAINS 2023 Program Download BRAINS program &hellip; Continue reading &rarr;\" \/>\n<meta property=\"og:url\" content=\"https:\/\/brains.dnac.org\/2023\/program\/\" \/>\n<meta property=\"og:site_name\" content=\"5th Conference on Blockchain Research &amp; Applications for Innovative Networks and Services\" \/>\n<meta property=\"article:modified_time\" content=\"2023-10-11T20:01:04+00:00\" \/>\n<meta property=\"og:image\" content=\"https:\/\/brains.dnac.org\/wp-content\/uploads\/2023\/10\/BRAINS_2023_program-2.jpg\" \/>\n<meta name=\"twitter:card\" content=\"summary_large_image\" \/>\n<meta name=\"twitter:site\" content=\"@Dnac_conference\" \/>\n<meta name=\"twitter:label1\" content=\"Est. reading time\" \/>\n\t<meta name=\"twitter:data1\" content=\"7 minutes\" \/>\n<script type=\"application\/ld+json\" class=\"yoast-schema-graph\">{\"@context\":\"https:\/\/schema.org\",\"@graph\":[{\"@type\":\"WebPage\",\"@id\":\"https:\/\/brains.dnac.org\/2023\/program\/\",\"url\":\"https:\/\/brains.dnac.org\/2023\/program\/\",\"name\":\"Program - 5th Conference on Blockchain Research &amp; Applications for Innovative Networks and Services\",\"isPartOf\":{\"@id\":\"https:\/\/brains.dnac.org\/2023\/#website\"},\"datePublished\":\"2023-09-08T09:35:00+00:00\",\"dateModified\":\"2023-10-11T20:01:04+00:00\",\"breadcrumb\":{\"@id\":\"https:\/\/brains.dnac.org\/2023\/program\/#breadcrumb\"},\"inLanguage\":\"en-US\",\"potentialAction\":[{\"@type\":\"ReadAction\",\"target\":[\"https:\/\/brains.dnac.org\/2023\/program\/\"]}]},{\"@type\":\"BreadcrumbList\",\"@id\":\"https:\/\/brains.dnac.org\/2023\/program\/#breadcrumb\",\"itemListElement\":[{\"@type\":\"ListItem\",\"position\":1,\"name\":\"Home\",\"item\":\"https:\/\/brains.dnac.org\/2023\/\"},{\"@type\":\"ListItem\",\"position\":2,\"name\":\"Program\"}]},{\"@type\":\"WebSite\",\"@id\":\"https:\/\/brains.dnac.org\/2023\/#website\",\"url\":\"https:\/\/brains.dnac.org\/2023\/\",\"name\":\"5th Conference on Blockchain Research &amp; Applications for Innovative Networks and Services\",\"description\":\"5th Conference on Blockchain Research &amp; Applications for Innovative Networks and Services\",\"publisher\":{\"@id\":\"https:\/\/brains.dnac.org\/2023\/#organization\"},\"potentialAction\":[{\"@type\":\"SearchAction\",\"target\":{\"@type\":\"EntryPoint\",\"urlTemplate\":\"https:\/\/brains.dnac.org\/2023\/?s={search_term_string}\"},\"query-input\":\"required name=search_term_string\"}],\"inLanguage\":\"en-US\"},{\"@type\":\"Organization\",\"@id\":\"https:\/\/brains.dnac.org\/2023\/#organization\",\"name\":\"DNAC\",\"url\":\"https:\/\/brains.dnac.org\/2023\/\",\"logo\":{\"@type\":\"ImageObject\",\"inLanguage\":\"en-US\",\"@id\":\"https:\/\/brains.dnac.org\/2023\/#\/schema\/logo\/image\/\",\"url\":\"https:\/\/brains.dnac.org\/2023\/wp-content\/uploads\/2023\/02\/Logo_DNAC_Haut_Res-300x118-1.png\",\"contentUrl\":\"https:\/\/brains.dnac.org\/2023\/wp-content\/uploads\/2023\/02\/Logo_DNAC_Haut_Res-300x118-1.png\",\"width\":300,\"height\":118,\"caption\":\"DNAC\"},\"image\":{\"@id\":\"https:\/\/brains.dnac.org\/2023\/#\/schema\/logo\/image\/\"},\"sameAs\":[\"https:\/\/twitter.com\/Dnac_conference\"]}]}<\/script>\n<!-- \/ Yoast SEO plugin. -->","yoast_head_json":{"title":"Program - 5th Conference on Blockchain Research &amp; Applications for Innovative Networks and Services","robots":{"index":"index","follow":"follow","max-snippet":"max-snippet:-1","max-image-preview":"max-image-preview:large","max-video-preview":"max-video-preview:-1"},"canonical":"https:\/\/brains.dnac.org\/2023\/program\/","og_locale":"en_US","og_type":"article","og_title":"Program - 5th Conference on Blockchain Research &amp; Applications for Innovative Networks and Services","og_description":"BRAINS 2023 Program Download BRAINS program &hellip; Continue reading &rarr;","og_url":"https:\/\/brains.dnac.org\/2023\/program\/","og_site_name":"5th Conference on Blockchain Research &amp; Applications for Innovative Networks and Services","article_modified_time":"2023-10-11T20:01:04+00:00","og_image":[{"url":"https:\/\/brains.dnac.org\/wp-content\/uploads\/2023\/10\/BRAINS_2023_program-2.jpg"}],"twitter_card":"summary_large_image","twitter_site":"@Dnac_conference","twitter_misc":{"Est. reading time":"7 minutes"},"schema":{"@context":"https:\/\/schema.org","@graph":[{"@type":"WebPage","@id":"https:\/\/brains.dnac.org\/2023\/program\/","url":"https:\/\/brains.dnac.org\/2023\/program\/","name":"Program - 5th Conference on Blockchain Research &amp; Applications for Innovative Networks and Services","isPartOf":{"@id":"https:\/\/brains.dnac.org\/2023\/#website"},"datePublished":"2023-09-08T09:35:00+00:00","dateModified":"2023-10-11T20:01:04+00:00","breadcrumb":{"@id":"https:\/\/brains.dnac.org\/2023\/program\/#breadcrumb"},"inLanguage":"en-US","potentialAction":[{"@type":"ReadAction","target":["https:\/\/brains.dnac.org\/2023\/program\/"]}]},{"@type":"BreadcrumbList","@id":"https:\/\/brains.dnac.org\/2023\/program\/#breadcrumb","itemListElement":[{"@type":"ListItem","position":1,"name":"Home","item":"https:\/\/brains.dnac.org\/2023\/"},{"@type":"ListItem","position":2,"name":"Program"}]},{"@type":"WebSite","@id":"https:\/\/brains.dnac.org\/2023\/#website","url":"https:\/\/brains.dnac.org\/2023\/","name":"5th Conference on Blockchain Research &amp; Applications for Innovative Networks and Services","description":"5th Conference on Blockchain Research &amp; Applications for Innovative Networks and Services","publisher":{"@id":"https:\/\/brains.dnac.org\/2023\/#organization"},"potentialAction":[{"@type":"SearchAction","target":{"@type":"EntryPoint","urlTemplate":"https:\/\/brains.dnac.org\/2023\/?s={search_term_string}"},"query-input":"required name=search_term_string"}],"inLanguage":"en-US"},{"@type":"Organization","@id":"https:\/\/brains.dnac.org\/2023\/#organization","name":"DNAC","url":"https:\/\/brains.dnac.org\/2023\/","logo":{"@type":"ImageObject","inLanguage":"en-US","@id":"https:\/\/brains.dnac.org\/2023\/#\/schema\/logo\/image\/","url":"https:\/\/brains.dnac.org\/2023\/wp-content\/uploads\/2023\/02\/Logo_DNAC_Haut_Res-300x118-1.png","contentUrl":"https:\/\/brains.dnac.org\/2023\/wp-content\/uploads\/2023\/02\/Logo_DNAC_Haut_Res-300x118-1.png","width":300,"height":118,"caption":"DNAC"},"image":{"@id":"https:\/\/brains.dnac.org\/2023\/#\/schema\/logo\/image\/"},"sameAs":["https:\/\/twitter.com\/Dnac_conference"]}]}},"_links":{"self":[{"href":"https:\/\/brains.dnac.org\/2023\/wp-json\/wp\/v2\/pages\/294"}],"collection":[{"href":"https:\/\/brains.dnac.org\/2023\/wp-json\/wp\/v2\/pages"}],"about":[{"href":"https:\/\/brains.dnac.org\/2023\/wp-json\/wp\/v2\/types\/page"}],"author":[{"embeddable":true,"href":"https:\/\/brains.dnac.org\/2023\/wp-json\/wp\/v2\/users\/1"}],"replies":[{"embeddable":true,"href":"https:\/\/brains.dnac.org\/2023\/wp-json\/wp\/v2\/comments?post=294"}],"version-history":[{"count":48,"href":"https:\/\/brains.dnac.org\/2023\/wp-json\/wp\/v2\/pages\/294\/revisions"}],"predecessor-version":[{"id":535,"href":"https:\/\/brains.dnac.org\/2023\/wp-json\/wp\/v2\/pages\/294\/revisions\/535"}],"wp:attachment":[{"href":"https:\/\/brains.dnac.org\/2023\/wp-json\/wp\/v2\/media?parent=294"}],"curies":[{"name":"wp","href":"https:\/\/api.w.org\/{rel}","templated":true}]}}